 4?
3101221
7974 (base 11) to base 16
28f7
Convert -29aa (base 11) to base 15.
-1231
Convert -925 (base 10) to base 14.
-4a1
4bf9 (base 16) to base 4
10233321
What is -6a87 (base 12) in base 14?
-44ab
What is 1373 (base 12) in base 3?
10002020
What is -2731 (base 12) in base 13?
-2083
10111110000 (base 2) to base 10
1520
-24012 (base 5) to base 15
-7c2
Convert -648 (base 11) to base 14.
-3d8
28 (base 12) to base 11
2a
What is -13229 (base 12) in base 9?
-38886
Convert -13321 (base 4) to base 15.
-23a
135 (base 15) to base 12
1ab
What is -36 (base 7) in base 4?
-123
What is 1020020022 (base 3) in base 13?
b048
Convert -21211011 (base 3) to base 9.
-7734
1001120220 (base 3) to base 10
20841
What is 1466 (base 10) in base 9?
2008
b55 (base 15) to base 7
10310
Convert 6419 (base 11) to base 7.
33516
-3523 (base 6) to base 4
-31023
Convert -23375 (base 8) to base 4.
-2123331
What is 23120 (base 4) in base 11?
602
Convert 5116 (base 9) to base 16.
e9d
What is -b11 (base 12) in base 5?
-22342
Convert -3040 (base 11) to base 4.
-333011
Convert 20757 (base 10) to base 4.
11010111
What is -489a4 (base 11) in base 7?
-412202
-1cd7 (base 16) to base 14
-2995
-25705 (base 8) to base 15
-34c0
260213 (base 7) to base 16
bc00
What is 44480 (base 9) in base 10?
29556
Convert -200210 (base 4) to base 13.
-c44
113 (base 14) to base 10
213
What is -3131 (base 4) in base 7?
-434
Convert -244040 (base 5) to base 11.
-6a68
844 (base 11) to base 10
1016
What is -419a8 (base 12) in base 8?
-250120
Convert -322 (base 13) to base 11.
-447
What is -300 (base 14) in base 7?
-1500
What is 322313 (base 4) in base 7?
13661
What is -1066 (base 11) in base 13?
-83c
-10211220 (base 3) to base 15
-c70
3310123 (base 4) to base 11
10831
What is 11011001010101 (base 2) in base 7?
55360
-11001001101 (base 2) to base 10
-1613
-1202222121 (base 3) to base 12
-182b1
-5513 (base 6) to base 2
-10011110101
134042 (base 5) to base 3
21120112
91 (base 12) to base 7
214
Convert -481 (base 12) to base 10.
-673
What is 38217 (base 10) in base 16?
9549
What is -4412 (base 5) in base 3?
-211111
-430014 (base 5) to base 13
-6716
Convert -11000201 (base 3) to base 6.
-21331
What is 335 (base 7) in base 9?
212
Convert 4023 (base 16) to base 10.
16419
What is 873 (base 9) in base 5?
10324
What is -20002 (base 4) in base 7?
-1333
Convert -860 (base 11) to base 15.
-48e
Convert -223 (base 5) to base 6.
-143
What is -1362 (base 7) in base 4?
-20112
What is 252052 (base 6) in base 4?
11133200
Convert -10000010101 (base 2) to base 11.
-870
What is -14045 (base 7) in base 2?
-111011011110
20212 (base 3) to base 6
505
Convert -33303 (base 10) to base 13.
-1220a
110110100100 (base 2) to base 5
102432
Convert -3011 (base 4) to base 11.
-16a
Convert -1001101101110 (base 2) to base 13.
-2358
Convert 1414 (base 6) to base 10.
370
Convert -2113 (base 6) to base 10.
-477
Convert -19a3 (base 11) to base 3.
-10110211
Convert 6505 (base 9) to base 10.
4784
-a4 (base 13) to base 3
-11222
-74818 (base 9) to base 5
-3041013
What is 191b (base 13) in base 12?
21ba
101000010100 (base 2) to base 8
5024
Convert -1241 (base 5) to base 9.
-237
-4601 (base 12) to base 14
-2b97
-1268 (base 12) to base 4
-200300
Convert -6099 (base 13) to base 9.
-20226
-571 (base 11) to base 8
-1253
Convert 2123 (base 10) to base 11.
1660
2422 (base 5) to base 12
262
What is 542b (base 15) in base 9?
26385
1773c (base 14) to base 10
59050
Convert a68 (base 15) to base 14.
bda
Convert 403 (base 15) to base 5.
12103
What is -1d03 (base 16) in base 15?
-2302
-380 (base 13) to base 15
-2ab
-169 (base 16) to base 14
-1bb
Convert 2a5 (base 12) to base 6.
1525
What is 33022 (base 4) in base 16?
3ca
What is 576 (base 14) in base 6?
5004
2204 (base 6) to base 9
624
Convert -76 (base 9) to base 7.
-126
What is -5be (base 15) in base 6?
-10012
a92 (base 11) to base 8
2437
Convert -130 (base 10) to base 8.
-202
What is 948a (base 11) in base 9?
18206
What is -36206 (base 7) in base 16?
-2495
What is 7948 (base 10) in base 9?
11811
Convert 4140 (base 7) to base 6.
10413
What is -309 (base 14) in base 4?
-21111
-2369 (base 12) to base 10
-3969
What is -13432 (base 5) in base 9?
-1471
-11380 (base 12) to base 15
-6c2c
296 (base 10) to base 6
1212
What is 210 (base 15) in base 6?
2053
What is b6d (base 14) in base 8?
4315
Convert -26081 (base 9) to base 13.
-7cc6
209 (base 11) to base 15
11b
-3077 (base 11) to base 3
-12121000
What is -63 (base 10) in base 3?
-2100
What is 20717 (base 11) in base 6?
351323
What is -1ed9 (base 15) in base 3?
-100020020
Convert -3232 (base 5) to base 11.
-372
3919 (base 11) to base 4
1033232
11110011000111 (base 2) to base 5
444214
Convert 345 (base 9) to base 5.
2114
What is 251a9 (base 13) in base 4?
100230333
Convert 121110 (base 3) to base 10.
444
Convert -320100 (base 4) to base 9.
-4840
5842 (base 9) to base 16
10eb
-c0 (base 15) to base 3
-20200
Convert 100847 (base 9) to base 7.
336112
112213 (base 5) to base 11
305a
Convert -cba1 (base 15) to base 5.
-2340001
8074 (base 9) to base 8
13413
3756 (base 14) to base 13
4538
-413324 (base 5) to base 15
-405e
What is 2373 (base 15) in base 6?
54513
What is 232344 (base 5) in base 16?
211a
Convert -2a73 (base 11) to base 16.
-f70
Convert 33113 (base 8) to base 10.
13899
What is -445 (base 13) in base 15?
-33d
-2243331 (base 5) to base 7
-225656
18713 (base 10) to base 16
4919
1010001000 (base 2) to base 12
460
Convert 23440 (base 5) to base 6.
12025
What is 990 (base 11) in base 16?
4a4
What is -2442 (base 7) in base 5?
-12122
-432 (base 5) to base 11
-a7
Convert -1178 (base 12) to base 9.
-2622
Convert 22a2 (base 14) to base 11.
4585
What is -121624 (base 7) in base 14?
-8184
Convert -2313321 (base 5) to base 15.
-c55b
What is -240 (base 11) in base 7?
-556
Convert 1404 (base 7) to base 16.
21f
-141220 (base 7) to base 8
-64362
What is 6422 (base 15) in base 12?
10312
201434 (base 5) to base 4
1211132
What is 40 (base 10) in base 3?
1111
-1042220 (base 5) to base 12
-a803
-1110323 (base 4) to base 2
-1010100111011
What is 15213 (base 10) in base 8?
35555
Convert 10111110101011 (base 2) to base 16.
2fab
What is -114344 (base 5) in base 10?
-4349
What is -4da5 (base 16) in base 13?
-9080
What is 23212 (base 7) in base 11?
4509
What is 470 (base 15) in base 12?
6b9
Convert -1240 (base 14) to base 10.
-3192
What is 171 (base 12) in base 3?
22111
Convert 101033 (base 4) to base 15.
4d8
What is -9529 (base 11) in base 2?
-11000101000111
Convert 17b (base 16) to base 4.
11323
What is 6450 (base 7) in base 12?
13a9
-111100011100011 (base 2) to base 9
-46405
What is -2b05 (base 12) in base 2?
-1001110110101
-1201021 (base 4) to base 13
-2aa3
What is 554 (base 7) in base 8?
434
Convert 1097 (base 10) to base 12.
775
What is -1001 (base 9) in base 3?
-1000001
What is 1101100101010011 (base 2) in base 16?
d953
-40343 (base 5) to base 11
-1a52
What is -15a0 (base 13) in base 9?
-4314
What is 1001001000 (base 2) in base 4?
21020
32 (base 14) to base 6
112
What is 23055 (base 8) in base 16?
262d
-7246 (base 13) to base 9
-23567
What is 12424 (base 8) in base 14?
1d76
224402 (base 5) to base 4
1332212
16a (base 14) to base 9
352
3443 (base 7) to base 10
1256
Convert -2410 (base 7) to base 4.
-31321
What is -1754 (base 9) in base 2?
-10101000001
What is 2795 (base 13) in base 9?
7732
-3045 (base 11) to base 7
-14533
-124144 (base 5) to base 11
-3777
Convert 67054 (base 9) to base 16.
ade6
Convert -382 (base 15) to base 8.
-1435
10110001110 (base 2) to base 15
64c
Convert -110102002 (base 3) to base 7.
-35243
What is 2400 (base 5) in base 7?
1010
-11d1 (base 15) to base 12
-2244
Convert -85b4 (base 14) to base 6.
-254522
926 (base 13) to base 6
11105
What is -46 (base 9) in base 2?
-101010
What is 21133 (base 9) in base 15?
420c
What is 1121100 (base 3) in base 15?
530
48ac (base 14) to base 15
3b66
Convert 1010110101101 (base 2) to base 9.
7545
508 (base 9) to base 16
19d
33553 (base 9) to base 11
15854
Convert 1232333 (base 4) to base 7.
26465
What is -434 (base 14) in base 6?
-3502
Convert 27255 (base 8) to base 13.
5592
Convert 137 (base 10) to base 5.
1022
-11113000 (base 4) to base 14
-8000
Convert -64416 (base 7) to base 5.
-1002422
Convert -23357 (base 9) to base 10.
-15604
101101